 15 - 4/3*l**3 - 5/2*l**2 + 1/4*l**4. Give h(5).
-5
Let h = -2 - -8. Let t(c) be the first derivative of c**3/3 - 2*c**2 - 8*c + 492. Determine t(h).
4
Let a(m) be the third derivative of -m**7/840 + m**6/720 - m**5/60 - 18*m**2. Let n(w) be the third derivative of a(w). Calculate n(-1).
7
Suppose 0 = -a - 4*a + 20. Let j(r) = 9 + a*r - 14 - 5*r. Determine j(5).
-10
Let x(r) = 43*r + 17. Let h(o) = -8*o - 1. Let t(f) = 5*h(f) + x(f). Determine t(-5).
-3
Let c(b) = 31*b - 3 + 25*b - 60*b. Suppose -p - 4*p - 9 = 3*s, 1 = -p - s. Determine c(p).
9
Let g(q) = -3*q**3 + 7*q**2 + q. Let w(c) = c**3 - c**2 - c. Let b(i) = -g(i) - 4*w(i). Let v be 0/(-4)*3/6. Suppose v = -6*d + 5*d - 4. Calculate b(d).
4
Let p(z) = 2*z. Let l(v) = v. Let a(y) = -5*l(y) + 3*p(y). Let n be 1950/(-1050) - 1/7. What is a(n)?
-2
Let p(y) = -y**2 + y - 4. Let l be p(2). Let f(h) = -7*h + 9. Give f(l).
51
Let x be 220/55 - (-14)/(-2). Let z(j) = -3*j**3 - 2*j**2 + 4*j - 1. What is z(x)?
50
Suppose -t - 3*t + 4*r - 228 = 0, -5*t - 5*r - 305 = 0. Let g = t - -66. Let v(s) = -2*s + 4. Determine v(g).
-10
Let a = -632 - -634. Let u(m) = m**2 + 2 - 3*m + 0*m**2 + m. Give u(a).
2
Let o(j) = j**3 + 7*j**2 + 11*j + 31. Let f be o(-6). Let i(g) = -14*g**2 - 1. Calculate i(f).
-15
Let i(x) be the third derivative of -x**6/360 + 7*x**5/120 - x**4/4 - 29*x**3/6 - 37*x**2. Let r(t) be the first derivative of i(t). What is r(7)?
-6
Let z(g) = g**3 - 6*g**2 + g + 8. Suppose -7*d + 28 + 7 = 0. Calculate z(d).
-12
Let g be (11 - 685/35) + 4/7. Let s(h) = -3*h - 9. Calculate s(g).
15
Let j(r) = -14*r - 1. Suppose -o = -2, 3*m - 152 - 29 = -2*o. Suppose m = -3*z + 56. What is j(z)?
13
Let s(x) = x**3 + 6*x**2 - 3*x + 7. Let i be s(-6). Let o = i + -20. Let a(y) be the second derivative of -y**3/6 + 5*y**2/2 - 12*y. Determine a(o).
0
Let q be 1/(1 + (-6)/3). Let m(h) = -h + 1. Let o(j) = 10*j - 3. Let l(i) = q*o(i) - 4*m(i). Suppose -100*z - 2 = 98. Calculate l(z).
5
Suppose 3*y + 2*h - 59 = 0, y - 4*h = 19 + 24. Let b be (-6)/8 - y/(-4). Let q(w) = w**3 - 4*w**2 - 4*w - 4. Determine q(b).
1
Let c(z) = z**2 + 10*z + 10. Let p(v) = -2*v**2 - 21*v - 19. Let u(b) = -7*c(b) - 3*p(b). What is u(-6)?
-7
Let u(k) = -3*k**3 - k**2 + 6*k + 3. Let d(z) = z + 1. Let m(t) = -4*d(t) + u(t). Let y = -6263 + 6264. What is m(y)?
-3
Suppose 0 = 5*q + 3 + 7. Let f be 0 + (-6)/q - 4. Let t be 4/2*f/(-2). Let s(d) = -2*d**3 + d. Calculate s(t).
-1
Let o be -1 + 1/1 + 2. Let j(m) = 3*m**o - m - 2*m**2 - 6*m. Give j(6).
-6
Let r(s) = -2*s - s**3 - 4*s - 6*s + 12*s - 1 - 7*s**2. Determine r(-4).
-49
Let h(z) = 261*z. Let r be h(1). Let l(w) = 6 + 4*w**2 + r*w - 132*w + w**3 - 129*w. What is l(-5)?
-19
Let f(l) be the third derivative of -l**4/4 + 5*l**3/6 - 11*l**2. Let r(p) = 7*p - 6. Let u(q) = 6*f(q) + 5*r(q). Let d = 2 + 0. Give u(d).
-2
Let s(v) = 4*v**3 - 21*v**3 + 18*v**2 - 17*v**2 - v - 14 + 13. Let r(f) = -f**3 + 4*f**2 - 1. Let i be r(4). What is s(i)?
18
Let a = 9 + -7. Let d(z) = -z + z**2 + a*z**3 + 2 + z**2 - z**2. Suppose 2*s + 0 = -4. Give d(s).
-8
Let d = -65 - -67. Let x(q) = -11 + 7*q + q**d + 11. Give x(-6).
-6
Let s(a) be the third derivative of -a**6/120 - a**5/60 - a**4/24 - 11*a**3/3 - 33*a**2 - 7*a. Calculate s(0).
-22
Let w(u) = -11 + 21 - 10 + u**2. Determine w(3).
9
Let x(j) be the third derivative of j**6/120 + j**5/15 + j**4/8 + 5*j**3/6 + 2*j**2. Suppose 15*m + 5122 = 5062. Determine x(m).
-7
Let y(z) = -3*z - 1. Let r(g) = -6*g + 184. Let s be r(31). What is y(s)?
5
Let b(a) = a + 4*a - 2*a + 6. Suppose -8*o + 20 = -4*t - 4*o, 5*t + 5*o = -15. Give b(t).
-6
Let v(u) be the second derivative of -u**3/6 + 7*u**2/2 - 81*u. Calculate v(10).
-3
Let c(f) be the first derivative of f**2 - f + 2. Suppose -t + 0 = -8. Suppose k + k + t = 0. What is c(k)?
-9
Suppose 5*t + m - 4*m + 23 = 0, -3*t - 3*m - 33 = 0. Let x(u) = -4*u**3 + u**2 - 9*u + 5. Let o(w) = w**3 + w**2 + w + 1. Let y(z) = -5*o(z) - x(z). Give y(t).
11
Let a(s) = 2*s**2 - 1. Let w = -53 + 53. Let h(q) = -2*q + 2. Let r be h(w). What is a(r)?
7
Let m = 19 + 36. Suppose -9*p = 10 - m. Let x(v) = -v + 4. Determine x(p).
-1
Let x(a) be the third derivative of a**5/60 - a**4/24 + a**3/3 - 3*a**2. Let v(s) = -2*s - 5*s + 8 + 10*s - 4*s. Let o be v(5). Calculate x(o).
8
Suppose -g - 2 + 8 = 0. Let q(w) = 5*w + 19. Let s(z) = z**2 - 6*z + 3. Let u be s(5). Let h(m) = -m - 5. Let o(i) = u*q(i) - 9*h(i). Determine o(g).
1
Suppose -5*m - 13 = 2*p, -67*p = 3*m - 64*p + 15. Let f(w) = 2*w - 1. Calculate f(m).
-3
Let h(m) be the first derivative of -m**4/4 + 3*m**3 - 11*m**2/2 - 8*m + 39. Calculate h(8).
-32
Suppose 3*i + 0*i = -5*c + 29, -4*c = -4. Let t(l) = -2*l**2 - l + 12*l**2 + 6*l - i*l**2 + 1. Let u(p) = -p + 3. Let q be u(7). Determine t(q).
13
Let d(q) = -q**2 + 5*q. Let n be d(4). Let z(u) = -3*u**2 + 507 + u**3 - 2*u + 0*u + 500 - 1009. Give z(n).
6
Let n(d) be the second derivative of d**4/12 + d**3/2 - 2*d**2 - 18*d. Let t(z) = -z + 2. Let q be t(3). Let l = -6 - q. Determine n(l).
6
Let k be (-3 + 7/3)*(-6)/(-4). Let b be 4 - 1 - (1/k - 1). Let c(i) = i + 1. Calculate c(b).
6
Suppose -v = 5*y - 18, y + v - 4*v = -6. Let b be 2/(-4)*(-18 + (y - 1)). Let p(g) = g**3 - 9*g**2 + 9*g - 1. Calculate p(b).
7
Let s = 21 - 17. Suppose o = -5*r + 2*r + 13, s*r - 29 = o. Let i(u) = u - 2. What is i(r)?
4
Suppose -4*s + 4236 = -6396. Let m(f) = 3*f + s*f**2 - 2*f - 2660*f**2. Let l be ((-2)/(-4))/(2/(-4)). Calculate m(l).
-3
Let c(t) = -t**3 - 5*t**2 - 7. Let k be 4 - (-28 - (2 - 3)). Suppose -k + 101 = -14*v. Give c(v).
-7
Suppose 3*r - 8 = -2*i, -10*r + 8 = 2*i - 14*r. Let g(t) = 2 - 4 + t - 1 - 2*t. Calculate g(i).
-7
Let s(i) = 2*i**2 - 12*i - 3. Let h be (6 - 36)*51/(-170). Give s(h).
51
Let z(o) be the first derivative of o**6/120 - 3*o**5/20 + 3*o**4/8 - 5*o**3/3 + 13*o**2/2 + 44. Let b(x) be the second derivative of z(x). Calculate b(8).
-2
Let h(d) = d**2 - 8*d. Let r(m) = 3*m + 96. Let j be r(-29). Calculate h(j).
9
Let h(q) = -3*q**3 + 7*q**2 - 5*q - 4. Let k(w) = w**3 - 2*w**2 + 2*w + 1. Let g(f) = -4*h(f) - 11*k(f). Let b be (-8)/(2 - -2) - -3. Let y = 5 + b. Give g(y).
-7
Let n(x) = -x**2 - 7*x - 7. Suppose 6*a + 16 = -8. Let b(f) = f**2 + 7*f + 7. Let t(s) = a*b(s) - 5*n(s). Calculate t(-5).
-3
Let y(m) = -m**3 + 2*m**2 + m + 3. Let f be y(3). Let c be 9/36 - ((-3)/4 + 0). Let k be 3/(f/(-5))*c. Let n(r) = -r**2 + 4*r + 2. Give n(k).
-3
Suppose o + 0*o = t + 10, -o - 6 = 3*t. Let z(k) = k**3 - 7*k**2 + 6*k - 7. Determine z(o).
-7
Let u(r) = 5*r + 3*r**2 - 3*r - 2*r**2 + 3*r. Suppose w + 32 = -5*f - 3*w, 4*f + 13 = w. Determine u(f).
-4
Let c(i) = -i + 3. Let b(r) = r**2 - 38*r - 298. Let y be b(-7). Calculate c(y).
-14
Let o(n) = n**3 + 5*n**2 + n - 5. Let g(b) = b**3 - 2*b + 1. Let j be g(1). Suppose 17*l - 6*l + 44 = j. Calculate o(l).
7
Let b(y) = -5*y - y - 15 - 9*y**2 - 5*y + 10*y**2 + 21*y. Give b(-12).
9
Let x(r) = 14 - 31 - r**2 + 2*r + 17. Suppose 3*v + 0 - 9 = 0. Calculate x(v).
-3
Let x(i) = 3*i**2 - 3 + 0*i + 4*i**3 - 3*i**3 - 6*i. Determine x(-4).
5
Let u(j) = -3*j**3 - 16*j**2 - 7*j - 6. Let i be u(-5). Suppose 3*k - r - 8 = 0, 0*k = -3*k + i*r + 14. Let l(m) = -8*m - 1. Calculate l(k).
-17
Suppose 0 = 6*l - 68 + 2. Let q(g) = g**2 - 13*g + 15. What is q(l)?
-7
Let w(j) be the third derivative of j**5/60 - 5*j**4/12 - 2*j**3/3 - 12*j**2 + 1. Calculate w(9).
-13
Let z(u) = -u**2 + 3*u + 3. Let h = 210 + -121. Suppose 0*d = -5*d - a - 125, -3*a - h = 4*d. Let n = d - -29. Determine z(n).
3
Let t(i) = i - 12. Suppose 28*l - 24*l - 24 = 0. Suppose -l*k + 16 = -20. Calculate t(k).
-6
Let x(g) be the third derivative of -g**6/120 - 7*g**5/60 - g**4/12 - g**3 + 69*g**2 - 8*g. Determine x(-8).
74
Let r(w) = 2*w**2 - 5*w + 3. Let d be r(-3). Suppose -d = -a - 34. Let v(n) = -2*n**3 + 3*n**2 - 3*n + 2. Give v(a).
-8
Let l(d) = -d**2 - 7*d - 4. Let h be l(-5). Let s be 6/5*20/h. Let x = 0 + s. Let j(b) = b**2 - 5*b + 2. Give j(x).
-2
Let y(x) = 7*x - 11. Let v(g) = 3*g - 5. Let a(w) = w**2 + 7*w - 6. Let c be a(-8). Suppose 4 = -c*q + 4*q. Let r(u) = q*y(u) - 5*v(u). Determine r(7).
-4
Let h(k) = -2 - 506*k + 274*k + 235*k. Let a(m) = -m**3 - 4*m**2 + 5*m + 2. Let s be a(-5). Determine h(s).
4
Suppose 0 + 4 = -2*w. Le